rs of p?
3
Let p(i) be the third derivative of -i**6/120 - i**5/15 - i**4/8 + i**3/3 - 2*i**2. Let l be p(-3). Let g(n) = 3*n**2 + 1. What are the prime factors of g(l)?
13
Let a(h) = -3*h. Let f be a(1). List the prime factors of -1 + f + 5 - -29.
2, 3, 5
Let o(t) be the first derivative of -3*t**2/2 - 16*t + 4. What are the prime factors of o(-8)?
2
Suppose 2*g + 2*g = 20. Suppose 3*d - 8 = 7. Suppose t = u + g*t - 32, -t = -d. What are the prime factors of u?
2, 3
Suppose -4*o + 29 - 1 = 4*b, 5*b = -3*o + 31. Suppose -2*k + 36 = b*w, w - 4*k - 4 = 12. List the prime factors of w.
2
Suppose -4*x - x = 0. Suppose x = -4*a - a + 35. Suppose -3*o + a*o = 8. List the prime factors of o.
2
Let a = -6 - -11. List the prime factors of a + ((-3)/(-1))/3.
2, 3
Suppose 0 = -3*a - 5*k + 267, -2*a = -k - 79 - 86. What are the prime factors of a?
2, 3, 7
Let b = 938 + -557. What are the prime factors of b?
3, 127
Suppose -109 + 39 = -5*m. What are the prime factors of m?
2, 7
Let k(w) = -12*w**3 + 2*w**2 - w. Let l be k(1). Let f be 64/l - (-2)/(-11). List the prime factors of (-9)/2*4/f.
3
Suppose -5*o + 21 = n + n, -n + 5*o - 12 = 0. Suppose -3*m + 7*m - 12 = 0. Suppose -m*c + 9 = -n*w + 54, 12 = w - 4*c. List the prime factors of w.
2
Suppose 4*q + 61 - 177 = 0. Let k = q + 15. What are the prime factors of k?
2, 11
Let z(v) = 6*v. Let i be z(1). Let y = -10 + i. Let a = y + 6. List the prime factors of a.
2
Let w(r) = 11 - r**3 + 4*r - 3*r + 0*r + r**2. List the prime factors of w(0).
11
Let j(w) = -w**3 + 7*w**2 - 3*w - 5. Let p be j(5). List the prime factors of p + -1 + -6 + 5.
2, 7
Suppose 20 = -4*j - i, -2*i = j - 1 + 13. Let b = 10 + -16. What are the prime factors of (b/(-4))/((-2)/j)?
3
Suppose 0 = -3*a + 2*r - 26 - 0, a - 5*r = 13. Suppose -95 = -6*d + d. Let f = a + d. List the prime factors of f.
7
Let f(z) = z**3 - 4*z**2 - 3*z - 4. Let u(i) = -5*i + 1. Let c be u(-1). Let k be f(c). List the prime factors of k/6 - (-3)/(-9).
2
Let y = -54 + 166. List the prime factors of y.
2, 7
Suppose 2*a - 5*o - 21 = 0, 3*a + o - 5*o - 21 = 0. Let i = a + 3. List the prime factors of i.
2, 3
Let j = 6 - 6. Suppose -2*n - 2 + 8 = j. Suppose 30 = 3*m - 2*x, -n*m + x = -2*m - 10. What are the prime factors of m?
2, 5
Let p = -27 - -48. Suppose 0*t + t = p. What are the prime factors of t?
3, 7
Let u(j) = j**3 - 7*j**2 - 8*j + 3. Let x(q) = 3*q - 4. Let z be x(4). List the prime factors of u(z).
3
Let t be ((-16)/(-6))/(4/6). Suppose 4*d = f + 219, t*d + d - 290 = -2*f. List the prime factors of d.
2, 7
Suppose 3*n - r = 165, n = 5*r - r + 66. List the prime factors of n.
2, 3
Suppose -5*q + 15 = -0*q. Let g(p) = 2*p**3 - 3*p**q + 1 - 2*p**2 - 10*p**3. What are the prime factors of g(-1)?
2, 5
Suppose -2*s - 3*a + 402 = 0, 2*s + a - 610 = -s. List the prime factors of s.
2, 3, 17
Let q(x) = -x**2 + 5*x - 2. Let r be q(3). Suppose 0 = -2*z + 5*o + 30, -1 = -z - r*o + 3*o. What are the prime factors of z?
5
Let r be 9/(-15) + (-3)/(-5). List the prime factors of -3 - -11 - r/2.
2
Suppose -5*l = 2 - 7. What are the prime factors of 15 + -4 + l + 1?
13
Suppose -2*a = -0*a - 22. Let v be 7/(-3)*(0 - -3). Let g = a + v. What are the prime factors of g?
2
Let n be 4/(-18) + 156/(-27). Let y = 13 + n. Let f = y - 4. List the prime factors of f.
3
Suppose 0 = 7*u - 2*u - 4*d - 237, 2*u - 100 = -d. What are the prime factors of u?
7
What are the prime factors of (-30)/(-40) + (-129)/(-4)?
3, 11
Let w = -3 + 4. List the prime factors of w/(-1 - 6/(-5)).
5
Let k = -561 - -333. What are the prime factors of k/(-24) - (-3)/(-2)?
2
Let g = 9 + -6. Suppose 0 = 2*i - 4*w - 6, -4*w = -g*i + 16 - 3. List the prime factors of i.
7
Let t(h) = -h. Suppose -2*j = 2*r + 172, 2*j - 3*r = -r - 180. Let y be (-6)/(-21) + j/14. List the prime factors of t(y).
2, 3
Let j be (-53)/(-2) + 2/(-4). Let d = -37 + 41. List the prime factors of d/j + 76/13.
2, 3
Let q = -5 - 8. Let o = q - -23. What are the prime factors of o?
2, 5
What are the prime factors of (-24)/(-42) + 269/7?
3, 13
Let l(x) = x**3 + 5*x**2 - 8*x - 7. Let n be l(-6). Suppose -5*c + 2*f = 5*f - 125, -n*c = 5*f - 125. List the prime factors of c.
5
Suppose -4*z - 2*v + 656 = -3*v, -4*z - 3*v = -640. What are the prime factors of z?
163
List the prime factors of 34*((-36)/21)/((-10)/35).
2, 3, 17
Let i = 4 - -6. List the prime factors of i.
2, 5
Let g be (-882)/(-27) + (-2)/3. Suppose -4*w - 2*t + g = -0*t, 0 = 2*w - 2*t - 22. What are the prime factors of w?
3
Let s(p) = p**2 - p + 1. What are the prime factors of s(2)?
3
What are the prime factors of 18 + -1 + (-9)/(-3)?
2, 5
Suppose 10*g = 5*g + 35. Suppose 0 = z - g. List the prime factors of -4*(z/(-2) + 0).
2, 7
Let d = 69 + 6. Suppose 0*r = -3*r + d. List the prime factors of r.
5
Suppose -6*m = -5*m - 3. Suppose -3*v = 2*x + 51, -m*v + x - 54 = 4*x. Let t = -7 - v. List the prime factors of t.
2
Let m = -113 - -205. List the prime factors of m.
2, 23
Let p(d) = -d. Let b(n) = -n + 3. Let s be b(3). Let k be p(s). Suppose -4*g + 0 + 52 = k. List the prime factors of g.
13
Let a(y) = -y**3 + 4*y**2 + 1 - 3 + 2*y**3. Suppose 10 = -5*o - 15, -3*f + 2*o + 1 = 0. What are the prime factors of a(f)?
7
Let o(v) = -7*v + 39. List the prime factors of o(-10).
109
Suppose -3*r + 20 = 3*w + 2*r, -4*r - 1 = -w. Suppose 92 = 5*v + 2*h, -2*h = -w*v + 2*h + 116. What are the prime factors of (-4)/(-10) + 232/v?
2, 3
Let l(v) be the second derivative of 3*v**5/20 - v**4/12 + v**3/3 + v**2 + 2*v. Let t be l(-2). Let y = -18 - t. What are the prime factors of y?
2, 3
Let s = 3 + -1. What are the prime factors of (s/5)/((-2)/(-70))?
2, 7
Let g(s) = -s**2 + 10*s - 13. Let d be g(10). Let o = 9 + d. Let p = o + 6. What are the prime factors of p?
2
Suppose -84 = -2*z + 6*z. Let b = z + 36. List the prime factors of b.
3, 5
Suppose i = 5*s + 49 - 15, 0 = -i + 2*s + 25. List the prime factors of i.
19
Suppose -12 = 4*m - 0*m. Let u be 6 + (3/m - 1). Let j = 0 + u. What are the prime factors of j?
2
Suppose 0 = o + 3 - 3. Let v = 4 - 11. Let c = o - v. List the prime factors of c.
7
Let y(j) = 5*j**2 + j + 1. Let k be y(-1). Suppose 51 = k*s + 1. Suppose -3*r + s = 1. List the prime factors of r.
3
Let h = -6 + 18. Let l = 6 - h. List the prime factors of 2/l + 31/3.
2, 5
Suppose -5*h + h - 40 = -2*a, 8 = h - 5*a. Let w = -3 - h. What are the prime factors of w?
3
Suppose -2*f + 1 + 3 = 0. Let n = 60 - 30. Suppose 2*s - n = -2*t, -3*s + f*t + 29 = -3*t. What are the prime factors of s?
13
Let k be -1 + (3 - 1) + 1. Suppose 4*b - k*b - 22 = 0. List the prime factors of b.
11
Suppose 72 = 3*g + 3*l, 0 = -g - 4*l - 2 + 11. List the prime factors of g.
29
Let v(r) = r**2 - 3*r - 5. Let d be v(5). Suppose -4*s - 9 = -d. Let m = 1 - s. What are the prime factors of m?
2
Let j = 157 + -5. Suppose 18*d - 14*d = j. What are the prime factors of d?
2, 19
Let s(j) = -18*j. Let o be s(-2). Suppose -o = -5*m + m. List the prime factors of m.
3
Suppose 3*c = -5*b + 8, 5*c + 0 = 5*b + 40. Suppose 2*x = -5*g + c*g - 22, 45 = 3*g + x. What are the prime factors of g?
2
Let y = -1 + 3. Suppose 2*a - d = -5, 4*a - 2*a = -2*d - y. List the prime factors of a/(-10) - 116/(-20).
2, 3
Suppose 0 = -2*c - 3*c + 2*l + 34, -3*c + 9 = -5*l. Suppose 3*v = v + c. Suppose 2 = v*a - 42. List the prime factors of a.
11
Let q = 94 + -59. List the prime factors of ((-18)/(-15))/(2/q).
3, 7
Let a = 3 + -1. Suppose 10 = 4*t - a*t. Let b = t - 1. What are the prime factors of b?
2
Suppose -3*q - 6 = t - q, -t - 5*q = 18. List the prime factors of t.
2
Let q(h) = -2*h**2 - 18*h - 10. What are the prime factors of q(-8)?
2, 3
Suppose 90 = y - 3*x, 4*y = 5*x - 0*x + 332. Let m = 110 - y. List the prime factors of m.
2
Let k(g) = 1. Let y(s) = 8*s**2 - s - 5. Let a(z) = 5*k(z) + y(z). Let l be a(-3). Suppose -5*f = -l + 25. What are the prime factors of f?
2, 5
Let d(r) = r**3 - 14*r**2 + 6*r + 24. List the prime factors of d(14).
2, 3
What are the prime factors of 289/2 + 3 + (-1)/2?
3, 7
Suppose -5*r + 2*f + 1105 = 0, -116 = -r + 2*f + 97. What are the prime factors of r?
223
Let o(j) = j**2 + 11*j + 22. What are the prime factors of o(-10)?
2, 3
Let y = -6 - 2. Let p be 9 + 4/(y/(-6)). What are the prime factors of ((-20)